{"id":29,"date":"2021-11-08T15:14:11","date_gmt":"2021-11-08T14:14:11","guid":{"rendered":"http:\/\/partiliber.nimagodev.com\/main\/?page_id=29"},"modified":"2021-11-15T16:14:37","modified_gmt":"2021-11-15T15:14:37","slug":"cose-libertario","status":"publish","type":"page","link":"https:\/\/partiliber.nimagodev.com\/main\/cose-libertario\/","title":{"rendered":"Cos&#8217;\u00e8 libertario"},"content":{"rendered":"<!-- wp:paragraph -->\n<p>I libertari credono che, in politica, la libert\u00e0 sia il valore pi\u00f9 importante. Quasi tutti vogliono la libert\u00e0 per se stessi, ma un libertario cerca anche di proteggere ed espandere la libert\u00e0 degli altri.<\/p>\n<!-- \/wp:paragraph -->\n\n<!-- wp:paragraph -->\n<p>\u201cLa mia liberta finisce dove un'altra incomincia\u201d - no - individui liberi, non dominati, riescona a evolvere dinamicamente nel rapporto fra di loro a soluzioni nuove per esercitare le proprie libert\u00e1;<\/p>\n<!-- \/wp:paragraph -->\n\n<!-- wp:paragraph -->\n<p>I libertari propongono una visione di societ\u00e1 e convivenza con istituzioni inclusive per permettere e sollecitare il contributo di tutti. I libertari immaginano una societ\u00e0 pluralista e cosmopolita unita dal commercio e dai viaggi, non divisa da antagonismi nazionalistici. Immaginano un mondo in cui le persone sono libere di sperimentare diversi modi di vivere, libere di provare nuove idee che potrebbero essere abbastanza folli da funzionare.<\/p>\n<!-- \/wp:paragraph -->","protected":false},"excerpt":{"rendered":"<p>I libertari credono che, in politica, la libert\u00e0 sia il valore pi\u00f9 importante. Quasi tutti vogliono la libert\u00e0 per se stessi, ma un libertario cerca anche di proteggere ed espandere la libert\u00e0 degli altri. \u201cLa mia liberta finisce dove un&#8217;altra incomincia\u201d &#8211; no &#8211; individui liberi, non dominati, riescona a evolvere dinamicamente nel rapporto fra [&hellip;]<\/p>\n","protected":false},"author":1,"featured_media":0,"parent":0,"menu_order":0,"comment_status":"closed","ping_status":"closed","template":"","meta":[],"_links":{"self":[{"href":"https:\/\/partiliber.nimagodev.com\/main\/wp-json\/wp\/v2\/pages\/29"}],"collection":[{"href":"https:\/\/partiliber.nimagodev.com\/main\/wp-json\/wp\/v2\/pages"}],"about":[{"href":"https:\/\/partiliber.nimagodev.com\/main\/wp-json\/wp\/v2\/types\/page"}],"author":[{"embeddable":true,"href":"https:\/\/partiliber.nimagodev.com\/main\/wp-json\/wp\/v2\/users\/1"}],"replies":[{"embeddable":true,"href":"https:\/\/partiliber.nimagodev.com\/main\/wp-json\/wp\/v2\/comments?post=29"}],"version-history":[{"count":5,"href":"https:\/\/partiliber.nimagodev.com\/main\/wp-json\/wp\/v2\/pages\/29\/revisions"}],"predecessor-version":[{"id":142,"href":"https:\/\/partiliber.nimagodev.com\/main\/wp-json\/wp\/v2\/pages\/29\/revisions\/142"}],"wp:attachment":[{"href":"https:\/\/partiliber.nimagodev.com\/main\/wp-json\/wp\/v2\/media?parent=29"}],"curies":[{"name":"wp","href":"https:\/\/api.w.org\/{rel}","templated":true}]}}